ided by 23.
22
Calculate the remainder when 674 is divided by 97.
92
Calculate the remainder when 879 is divided by 44.
43
Calculate the remainder when 254 is divided by 123.
8
Calculate the remainder when 163 is divided by 55.
53
What is the remainder when 839 is divided by 276?
11
Calculate the remainder when 102 is divided by 75.
27
What is the remainder when 471 is divided by 30?
21
Calculate the remainder when 382 is divided by 23.
14
Calculate the remainder when 404 is divided by 14.
12
Calculate the remainder when 997 is divided by 125.
122
Calculate the remainder when 41 is divided by 25.
16
What is the remainder when 1880 is divided by 1870?
10
Calculate the remainder when 375 is divided by 76.
71
What is the remainder when 781 is divided by 98?
95
Calculate the remainder when 2410 is divided by 15.
10
Calculate the remainder when 1032 is divided by 15.
12
What is the remainder when 178 is divided by 20?
18
Calculate the remainder when 1933 is divided by 482.
5
What is the remainder when 3811 is divided by 109?
105
Calculate the remainder when 57495 is divided by 14.
11
Calculate the remainder when 182 is divided by 23.
21
Calculate the remainder when 1747 is divided by 25.
22
Calculate the remainder when 33 is divided by 22.
11
Calculate the remainder when 237 is divided by 47.
2
What is the remainder when 191 is divided by 11?
4
What is the remainder when 196 is divided by 92?
12
Calculate the remainder when 1263 is divided by 254.
247
What is the remainder when 9953 is divided by 181?
179
What is the remainder when 611 is divided by 125?
111
Calculate the remainder when 1312 is divided by 89.
66
What is the remainder when 61 is divided by 10?
1
Calculate the remainder when 159 is divided by 66.
27
What is the remainder when 858 is divided by 10?
8
Calculate the remainder when 3466 is divided by 204.
202
What is the remainder when 8903 is divided by 133?
125
What is the remainder when 269 is divided by 34?
31
Calculate the remainder when 106 is divided by 29.
19
What is the remainder when 5301 is divided by 8?
5
Calculate the remainder when 93 is divided by 48.
45
What is the remainder when 1349 is divided by 192?
5
What is the remainder when 13 is divided by 13?
0
Calculate the remainder when 243 is divided by 119.
5
What is the remainder when 4615 is divided by 11?
6
What is the remainder when 270 is divided by 69?
63
Calculate the remainder when 318 is divided by 160.
158
Calculate the remainder when 2636 is divided by 165.
161
Calculate the remainder when 126 is divided by 2.
0
What is the remainder when 255 is divided by 12?
3
Calculate the remainder when 273 is divided by 196.
77
What is the remainder when 734 is divided by 518?
216
Calculate the remainder when 199 is divided by 25.
24
Calculate the remainder when 1117 is divided by 20.
17
What is the remainder when 191 is divided by 22?
15
Calculate the remainder when 1684 is divided by 131.
112
What is the remainder when 858 is divided by 43?
41
What is the remainder when 160 is divided by 87?
73
What is the remainder when 1023 is divided by 41?
39
What is the remainder when 1070 is divided by 216?
206
What is the remainder when 521 is divided by 18?
17
Calculate the remainder when 59893 is divided by 363.
361
Calculate the remainder when 17 is divided by 12.
5
What is the remainder when 76 is divided by 33?
10
Calculate the remainder when 669 is divided by 27.
21
Calculate the remainder when 270 is divided by 90.
0
What is the remainder when 2620 is divided by 46?
44
What is the remainder when 149 is divided by 66?
17
What is the remainder when 1439 is divided by 359?
3
Calculate the remainder when 1347 is divided by 90.
87
What is the remainder when 57 is divided by 15?
12
Calculate the remainder when 217 is divided by 55.
52
What is the remainder when 38529 is divided by 156?
153
What is the remainder when 98 is divided by 28?
14
What is the remainder when 153 is divided by 71?
11
Calculate the remainder when 13127 is divided by 130.
127
Calculate the remainder when 630 is divided by 25.
5
Calculate the remainder when 964 is divided by 69.
67
Calculate the remainder when 421 is divided by 210.
1
What is the remainder when 259 is divided by 52?
51
Calculate the remainder when 502 is divided by 6.
4
Calculate the remainder when 1969 is divided by 20.
9
Calculate the remainder when 91 is divided by 48.
43
Calculate the remainder when 431 is divided by 54.
53
Calculate the remainder when 20114 is divided by 94.
92
What is the remainder when 141 is divided by 5?
1
Calculate the remainder when 167 is divided by 34.
31
Calculate the remainder when 2304 is divided by 55.
49
What is the remainder when 1414 is divided by 31?
19
What is the remainder when 261 is divided by 11?
8
What is the remainder when 684 is divided by 229?
226
Calculate the remainder when 162 is divided by 82.
80
What is the remainder when 262 is divided by 24?
22
What is the remainder when 47 is divided by 25?
22
Calculate the remainder when 39 is divided by 4.
3
Calculate the remainder when 1005 is divided by 324.
33
Calculate the remainder when 417 is divided by 65.
27
What is the remainder when 354 is divided by 67?
19
What is the remainder when 894 is divided by 69?
66
Calculate the remainder when 533 is divided by 107.
105
What is the remainder when 60 is divided by 51?
9
What is the remainder when 148 is divided by 31?
24
What is the remainder when 224 is divided by 56?
0
Calculate the remainder when 99 is divided by 25.
24
Calculate the remainder when 615 is divided by 605.
10
Calculate the remainder when 113 is divided by 9.
5
Calculate the remainder when 838 is divided by 29.
26
Calculate the remainder when 1659 is divided by 151.
149
Calculate the remainder when 401 is divided by 137.
127
What is the remainder when 144 is divided by 36?
0
Calculate the remainder when 844 is divided by 95.
84
Calculate the remainder when 318 is divided by 33.
21
Calculate the remainder when 2518 is divided by 40.
38
Calculate the remainder when 1190 is divided by 133.
126
Calculate the remainder when 7250 is divided by 49.
47
What is the remainder when 6 is divided by 6?
0
What is the remainder when 229 is divided by 21?
19
What is the remainder when 206 is divided by 181?
25
Calculate the remainder when 131 is divided by 49.
33
What is the remainder when 372 is divided by 99?
75
Calculate the remainder when 10047 is divided by 3348.
3
Calculate the remainder when 1089 is divided by 23.
8
What is the remainder when 333 is divided by 121?
91
What is the remainder when 181 is divided by 96?
85
What is the remainder when 239 is divided by 40?
39
What is the remainder when 608 is divided by 170?
98
What is the remainder when 799 is divided by 234?
97
Calculate the remainder when 8234 is divided by 27.
26
What is the remainder when 223 is divided by 32?
31
What is the remainder when 92 is divided by 37?
18
Calculate the remainder when 162 is divided by 44.
30
What is the remainder when 663 is divided by 83?
82
Calculate the remainder when 484 is divided by 54.
52
Calculate the remainder when 1816 is divided by 28.
24
Calculate the remainder when 287 is divided by 9.
8
What is the remainder when 1185 is divided by 35?
30
Calculate the remainder when 100 is divided by 65.
35
What is the remainder when 154 is divided by 78?
76
What is the remainder when 1055 is divided by 107?
92
Calculate the remainder when 2265 is divided by 11.
10
Calculate the remainder when 302 is divided by 78.
68
Calculate the remainder when 5293 is divided by 100.
93
What is the remainder when 196 is divided by 29?
22
What is the remainder when 319 is divided by 130?
59
What is the remainder when 44 is divided by 9?
8
What is the remainder when 1375 is divided by 12?
7
What is the remainder when 140 is divided by 130?
10
Calculate the remainder when 1286 is divided by 24.
14
Calculate the remainder when 2769 is divided by 7.
4
What is the remainder when 93 is divided by 9?
3
What is the remainder when 1053 is divided by 33?
30
What is the remainder when 1912 is divided by 636?
4
What is the remainder when 93 is divided by 7?
2
Calculate the remainder when 1701 is divided by 9.
0
What is the remainder when 110 is divided by 19?
15
What is the rema